{"id":68,"date":"2023-05-07T11:38:29","date_gmt":"2023-05-07T09:38:29","guid":{"rendered":"https:\/\/tierfutter.kpmd.at\/?post_type=product&#038;p=68"},"modified":"2023-05-07T11:40:51","modified_gmt":"2023-05-07T09:40:51","slug":"emmas-sprotte-klein-getrocknet-4kg","status":"publish","type":"product","link":"https:\/\/tierfutter.kpmd.at\/?product=emmas-sprotte-klein-getrocknet-4kg","title":{"rendered":"Emma&#8217;s Sprotte klein getrocknet 4kg"},"content":{"rendered":"<div id=\"description\" class=\"data item content\" role=\"tabpanel\" aria-labelledby=\"tab-label-description\" data-role=\"content\" aria-hidden=\"false\">\n<div class=\"product attribute description\">\n<div class=\"value\">\n<p>100% Natur &#8211; 100% Fisch<\/p>\n<p>Unsere schonend getrockneten Sprotten sind ein schmackhafter Leckerbissen f\u00fcr zwischendurch und eignen sich ebenfalls hervorragend als Trainingssnack. Die kleinen Salzwasserfische liefern wertvolle Mineralstoffe, Eiwei\u00df,<\/p>\n<p>unges\u00e4ttigte Fetts\u00e4uren und Omega 3 sowie Omega 6.<\/p>\n<p>K\u00f6stlich im Geschmack und eine super Belohnung f\u00fcr Ihren Hund!<\/p>\n<\/div>\n<\/div>\n<\/div>\n","protected":false},"excerpt":{"rendered":"<p>100% Natur &#8211; 100% Fisch Unsere schonend getrockneten Sprotten sind ein schmackhafter Leckerbissen f\u00fcr zwischendurch und eignen sich ebenfalls hervorragend als Trainingssnack. Die kleinen Salzwasserfische liefern wertvolle Mineralstoffe, Eiwei\u00df, unges\u00e4ttigte Fetts\u00e4uren und Omega 3 sowie Omega 6. K\u00f6stlich im Geschmack und eine super Belohnung f\u00fcr Ihren Hund!<\/p>\n","protected":false},"featured_media":70,"template":"","meta":[],"product_cat":[20],"product_tag":[],"class_list":{"0":"post-68","1":"product","2":"type-product","3":"status-publish","4":"has-post-thumbnail","6":"product_cat-hunde","8":"first","9":"instock","10":"sale","11":"shipping-taxable","12":"purchasable","13":"product-type-simple"},"_links":{"self":[{"href":"https:\/\/tierfutter.kpmd.at\/index.php?rest_route=\/wp\/v3\/product\/68","targetHints":{"allow":["GET"]}}],"collection":[{"href":"https:\/\/tierfutter.kpmd.at\/index.php?rest_route=\/wp\/v3\/product"}],"about":[{"href":"https:\/\/tierfutter.kpmd.at\/index.php?rest_route=\/wp\/v2\/types\/product"}],"wp:featuredmedia":[{"embeddable":true,"href":"https:\/\/tierfutter.kpmd.at\/index.php?rest_route=\/wp\/v2\/media\/70"}],"wp:attachment":[{"href":"https:\/\/tierfutter.kpmd.at\/index.php?rest_route=%2Fwp%2Fv2%2Fmedia&parent=68"}],"wp:term":[{"taxonomy":"product_cat","embeddable":true,"href":"https:\/\/tierfutter.kpmd.at\/index.php?rest_route=%2Fwp%2Fv2%2Fproduct_cat&post=68"},{"taxonomy":"product_tag","embeddable":true,"href":"https:\/\/tierfutter.kpmd.at\/index.php?rest_route=%2Fwp%2Fv2%2Fproduct_tag&post=68"}],"curies":[{"name":"wp","href":"https:\/\/api.w.org\/{rel}","templated":true}]}}